s the highest common factor of o and 112?
8
Let j be -30*(-12 + (-522)/(-45)). What is the highest common factor of j and 5388?
12
Let k be (6 - 0)/((-7)/(-6 - 190)). Suppose 0 = -k*r + 173*r - 30. Suppose -7*t + r*t = -6. Calculate the greatest common divisor of 6 and t.
6
Let n(x) = -x**3 + 6*x**2 + 16*x + 11. Let i(b) = 2*b - 1. Let w be i(4). Let v be n(w). What is the greatest common factor of 185 and v?
37
Suppose -2884 = 9*o + 230. Let w = o + 445. Calculate the greatest common divisor of 165 and w.
33
Suppose 6*m - 30820 = -w, 3*w = -w - 5*m + 123375. What is the highest common factor of w and 100?
50
Let v(d) be the first derivative of -d**4/4 - 8*d**3/3 + 11*d**2/2 + 48*d + 13. Let f be v(-9). Calculate the greatest common factor of 3 and f.
3
Let v be 1120/(-160)*2423/(-7). Calculate the greatest common factor of 1 and v.
1
Suppose -f + 2*f + 2*h - 9 = 0, -4*h + 15 = -f. Suppose -5*w - 20181*x + 20178*x + 66 = 0, 2*w - 60 = 3*x. Calculate the highest common divisor of f and w.
1
Suppose 3*b - 55 = 34 + 43. Calculate the highest common divisor of 4 and b.
4
Let x = -141 - -146. Suppose -f - 2*r + 29 = 0, 14 = 3*f - x*r - 95. Calculate the greatest common factor of f and 297.
33
Let l(o) = 67*o - 34. Let h(u) = -33*u + 17. Let y(z) = 5*h(z) + 2*l(z). Let m be y(-3). What is the highest common divisor of 88 and m?
22
Suppose -m - 17*n + 4 = -21*n, 1 = 3*m - n. Suppose -7*c + 35 - 7 = m. Calculate the highest common factor of 4 and c.
4
Let c(z) = 5*z + 20. Let f be c(-4). Suppose f = -3*a - 31 + 367. Calculate the highest common divisor of 16 and a.
16
Let w = 1420 + -480. Suppose 170 = -35*g + w. Suppose -3*a = 15, 2*r - 4*r = 3*a - 205. Calculate the highest common divisor of r and g.
22
Let r be ((-202)/4 + 1)*1092/(-91). What is the highest common divisor of 4851 and r?
99
Suppose -3*z + 3*y = 318 - 834, 2*y = -3*z + 521. Let o(a) = -a - 20. Let u be o(10). Let l = u + z. What is the greatest common factor of 13 and l?
13
Let t = 79 + -35. Suppose 9*f - 293 - 4 = 0. Calculate the highest common factor of f and t.
11
Let j = 4648 - 4627. Calculate the highest common divisor of 4137 and j.
21
Suppose 0 = -4*l - 185*v + 188*v + 3990, 5*l + 5*v = 5005. Calculate the greatest common factor of 189 and l.
27
Let z(i) = i**3 + 7*i**2 - 7*i - 5. Let g be z(-4). Let s(d) = 16*d**2 + 49*d - 239. Let l be s(4). Calculate the highest common factor of l and g.
71
Let m(i) = 3*i**3 + 5*i**2 - i - 4. Let c be m(-2). Let l be 2 + c/(-2) + (27 - -4). What is the highest common divisor of 144 and l?
36
Let b = 705 - -6. What is the highest common factor of 81 and b?
9
Let o = 398 - 380. Let r be 5 + 9140/o - 4/(-18). Calculate the greatest common factor of 19 and r.
19
Let y be 13/((-364)/24)*-49. Let k(u) = 15*u**2 - 2*u - 1. Let j be k(-2). What is the greatest common divisor of y and j?
21
Suppose -3*p - 462 = -6*p. Suppose 6*j = -14*j + 920. Suppose 3*m = 12*r - 9*r - 45, 0 = -3*r + 4*m + j. What is the greatest common divisor of r and p?
14
Let o = 64 + -59. Suppose -5*v + 120 = o*f, 7*v - 4*v - 84 = f. What is the highest common divisor of v and 864?
27
Let q(x) = x**3 - 18*x**2 + 25*x + 15. Let r be q(17). Suppose -9*d + 119 + r = 0. Calculate the greatest common divisor of 50 and d.
10
Let c(m) = -m**2 + 32. Let h be c(0). Suppose -5*q + 70 = -40. Let x = -18 + q. Calculate the highest common factor of x and h.
4
Let m(u) be the first derivative of 5/2*u**2 - 24 + 31/3*u**3 - 6*u. Let g be m(1). What is the greatest common divisor of 10 and g?
10
Suppose -3*y + y - 24 = 3*q, 3*y + 3*q = -33. Let h be (15/(-25) - 3)/(y/1230). What is the highest common divisor of 12 and h?
12
Let d(v) = 3*v**2 - 11 - 2*v + 5*v - 2*v**2. Suppose -27813 = -7*c - 27862. Let l be d(c). What is the greatest common divisor of l and 17?
17
Let a be 21/(-6)*12/(-21). Let c = 2631 - 2608. Calculate the highest common divisor of c and a.
1
Suppose -2219 + 369 = -12*c - 2*t, 0 = -c + 3*t + 151. Suppose 0 = 2*v + 4*w - 8, 3*v = -3*w + 11 + 16. Calculate the greatest common divisor of c and v.
14
Suppose 0*x + x - 5 = 0. Let v = -743 + 751. Suppose 3*m - x = v*m, -m - 19 = -k. Calculate the greatest common divisor of k and 45.
9
Let g(u) = 43*u - 35. Let d(o) = -44*o + 38. Let v(r) = 6*d(r) + 7*g(r). Let i be v(1). What is the greatest common divisor of i and 220?
20
Suppose 6*y = 60 + 48. Let p(n) = n**3 - 20*n**2 + 42*n - 12. Let o be p(y). What is the highest common divisor of 12 and o?
12
Let c = -47 - -50. Let y be c*(-4)/((-24)/62). Suppose 4*n = -3*v + y, 3*n + 0 = 5*v - 13. Calculate the highest common divisor of 32 and n.
4
Suppose 0 = -3*o + 5*n - 10, -5*o - 5*n + 3*n + 4 = 0. Suppose o = -r - 7*r + 528. What is the greatest common divisor of 44 and r?
22
Let i be (1 - -2 - -1)/1. Suppose -5*j = 2*b - 50, -b + 5*j + 160 = i*b. What is the highest common factor of b and 330?
30
Suppose 26*v = 53*v - 25*v - 6878. What is the highest common divisor of 362 and v?
181
Let g be -1 + -5 - (-163 + 14). Let i be 0 + 376 + (135 - g). What is the highest common factor of 48 and i?
16
Let n be ((-275)/(-100))/(2/552) + -1. What is the highest common factor of n and 2?
2
Let o(s) be the second derivative of s**5/20 + s**4/12 - s**3/2 - 17*s**2/2 - 71*s. Let j be o(7). What is the greatest common divisor of j and 59?
59
Suppose 214 = 2*g - 104*m + 106*m, 6 = 3*m. Suppose 5*t + s = 2*s + 20, 0 = -s - 5. What is the greatest common factor of t and g?
3
Let d = 3579 + -3529. Suppose k - 5*q - 20 = 20, -2*k + 4*q = -68. What is the highest common divisor of d and k?
10
Let v be 2/(-8) + 159*28/16. Suppose a = -5*f + v, 3*f + 3*a - 172 = 5*a. What is the highest common divisor of 224 and f?
56
Let y(z) = -2*z - 93. Let n be y(-42). Let t(c) = -3*c + 3. Let l be t(n). Calculate the highest common divisor of 135 and l.
15
Let x(u) = -3*u**3 + 16*u**2 - 13*u - 9. Let m be x(-9). What is the highest common divisor of 81 and m?
27
Let n be (-5943)/(-77) - (-4)/(-22). Let t be (1/3)/(1/3). Let w be (-119)/147*-27 + t/7. Calculate the greatest common divisor of w and n.
11
Suppose 17*s - 13*s - 81 = -3*d, 3*d + 3*s - 87 = 0. Suppose -3*r = r - 1120. Calculate the highest common factor of d and r.
35
Suppose -5*d - 24 = -12*n + 8*n, 0 = -5*d. Calculate the highest common divisor of 30 and n.
6
Let y = 14123 - 14006. Suppose -39 = -0*u - 3*u. What is the highest common divisor of y and u?
13
Suppose -41*s + 36*s = -560. Let f be 3*(-6 + s/6). Calculate the greatest common divisor of 133 and f.
19
Suppose 13 - 5 = -q. Let u be 24/18*(1 - q). What is the greatest common divisor of u and 9?
3
Suppose -4*f - 34 = -2*l, -4*l - l - 4*f = -127. Suppose -l*u = -17*u - 1500. Calculate the highest common factor of u and 100.
50
Let v(b) be the third derivative of -35*b**4/24 - 143*b**3/6 + 87*b**2 - 1. Let s be v(-5). Calculate the greatest common divisor of s and 416.
32
Let x(j) = -893*j + 10748. Let n be x(12). Calculate the greatest common divisor of 5856 and n.
32
Suppose 82*j = 133*j - 157794. What is the highest common divisor of 98 and j?
14
Let n(f) = 5*f + 4. Suppose -3*a = -7*a + 24. Let k be n(a). Suppose 34*o - 22*o - 5870 = -1382. Calculate the highest common divisor of o and k.
34
Let g(w) = 17*w + 735. Let l be g(-7). What is the highest common divisor of l and 1624?
56
Suppose -4*d - 6*a = -3*a - 243, d - 5*a - 55 = 0. Suppose 0 = g - d + 4. Calculate the highest common divisor of g and 14.
14
Suppose -16134 = -11*a + 7351. Calculate the highest common factor of a and 35.
35
Let o be (-49)/(-210) + 4/24 - (-1112)/20. Suppose -4*b = -a + b + 423, 4*b + 428 = a. Calculate the greatest common factor of a and o.
56
Suppose 2*t + 10 = 0, 3*u + 20*t - 21 = -7. Let g = -148 + 262. Calculate the highest common factor of g and u.
38
Let z(g) = -g**3 - 10*g**2 - 3*g + 36. Let j be z(-10). Suppose 9*b = 15*b - j. Calculate the highest common factor of 253 and b.
11
Let l(j) = 63*j + 2006. Let h be l(0). Calculate the greatest common divisor of 68 and h.
34
Let b(a) = a**3 + 27*a**2 + 17*a + 62. Let c be b(-26). Let f = 307 - c. What is the greatest common divisor of 22 and f?
11
Suppose 0 = -2*k - 332 - 160. Let w = -239 - k. Calculate the highest common divisor of 175 and w.
7
Let t(y) = 